h - 4*q + 12 = 0. List the prime factors of (35/h)/(10/20).
5, 7
Let v(r) = -r**3 + 5*r**2 - 5*r + 4. Let b be (0 - (-3 + 6)) + 5. Suppose -b*n + 6 = -0*n. What are the prime factors of v(n)?
7
Let r(m) be the second derivative of -m**3/2 + 3*m**2/2 + 5*m. Let q be r(6). Let i = 42 + q. What are the prime factors of i?
3
Let x(l) = -l**2 - 7*l - 5. Let i be x(-5). Suppose -i*h + 3*h = 4, h = v - 9. Suppose 27 = 2*s - v. List the prime factors of s.
17
Let n(c) be the second derivative of -4*c**3/3 - c**2/2 - 6*c. What are the prime factors of n(-20)?
3, 53
Suppose -5*c + 3*d = -195, -c - 4*c + 5*d + 205 = 0. Let h = c - 27. What are the prime factors of h?
3
Suppose 3*n + 118 = -164. List the prime factors of 1/(-1*2/n).
47
Suppose -1339 = -2*p - 173. What are the prime factors of p?
11, 53
Let o(x) be the first derivative of 25*x**2/2 - 5*x - 121. Suppose -f + 6 = 2*f. List the prime factors of o(f).
3, 5
Let t(h) = -5*h + 5. Let c be t(0). Suppose -2*b + 5*a + 70 + 4 = 0, c*b - a = 208. What are the prime factors of b?
2, 3, 7
List the prime factors of (-182)/39*(-459)/6.
3, 7, 17
Suppose 2*p = 5*p + s - 691, 0 = 3*p - 5*s - 667. What are the prime factors of p?
229
List the prime factors of 14004/22 - (-192)/(-352).
2, 3, 53
Let y(i) = i**2 - 8*i - 5. Let c be (-3 + -1)*18/(-8). Let z be y(c). Suppose z*a + 5 = -15, 0 = -l + a + 8. What are the prime factors of l?
3
Suppose -j + 4*j + 2*t = 18, -3*j + 3*t + 3 = 0. Suppose 3*z - 322 = -j*z. List the prime factors of z.
2, 23
Let o be 2 + 1/(4/8). Suppose o*j + 2*p + 6 = 0, j + 12 = 4*j - 4*p. Suppose j = -h + 38 + 1. What are the prime factors of h?
3, 13
Let c be (34/(-4))/(12/960). Let u = -348 - c. What are the prime factors of u?
2, 83
Let q = -36 - -49. Suppose 8*h = q*h - 350. List the prime factors of h.
2, 5, 7
What are the prime factors of 2057 + 37 - (1 - -7)?
2, 7, 149
Let o be (-8)/20*-6*10. Let j = o + -10. Let r = j + -10. List the prime factors of r.
2
Suppose -6094 = -258*k + 256*k. What are the prime factors of k?
11, 277
Let l(y) = y - 1. Let c be l(4). Let p = 29 - 26. Suppose 0 = p*s - c*z - 30, -5 = 4*s - 2*z - 39. What are the prime factors of s?
7
Suppose -5*n + 11050 = 5*f, -3*f = 39*n - 34*n - 6632. List the prime factors of f.
47
Let d = 71 + -69. What are the prime factors of d/(-3) + 174/18?
3
Suppose -1178 = -7*b + 2735. List the prime factors of b.
13, 43
Suppose 0 = y + 1 - 3. Let l = -7 + 15. What are the prime factors of y - l/(-3)*3?
2, 5
Let b(d) = -168*d + 131. List the prime factors of b(-14).
13, 191
Suppose y + 5*v = 2526, -4*y - 5*v = -5*y + 2506. What are the prime factors of y?
2, 17, 37
Let y be 3 + ((-3)/3 - (0 - 1)). List the prime factors of y/9 + 3/(-9) + 66.
2, 3, 11
Suppose -2*h = 2*h - 4. Suppose -4*f + 4*n + 64 = 8*n, 0 = 2*n + 6. Let k = h + f. What are the prime factors of k?
2, 5
Let h(t) be the second derivative of -3*t**5/20 - t**3/6 - 7*t**2/2 - 5*t. Let y be h(3). Let r = y + 146. What are the prime factors of r?
5, 11
Suppose 5*p = -4*g + 200, 0*p = -p + 2*g + 40. Let u = p - 25. What are the prime factors of u?
3, 5
Suppose -4*y - 5*h = -7, -5*y + 5*h + 2 + 18 = 0. Let j(l) = -l**3 + 6*l**2 - 4*l + 2. Let r be j(y). What are the prime factors of r - 1/(-2 + 1)?
2, 3
Suppose 0*j + 3*j = 0. Suppose -2*g + 91 = 3*m, -5*m + j*m + 93 = 2*g. Let s = 87 - g. List the prime factors of s.
43
Suppose u + 4*y = 32, 0 = 2*u + 3*u - 2*y - 94. What are the prime factors of u/(-30) - (-122)/3?
2, 5
Let d(t) be the second derivative of t**5/20 - t**4/6 - t**3/6 + 3*t**2/2 - 5*t. Let z be d(-3). Let o = z + 66. What are the prime factors of o?
3
Let c(t) = t**3 + 9*t**2 + 9*t + 12. Let k(j) = -3*j + 4. Let r be k(4). Let z be c(r). Suppose -z*s + 30 = -90. What are the prime factors of s?
2, 3, 5
Let p be (340/(-40))/((-2)/(-4)). Let n = 17 + p. Suppose 7*q = -n*q + 448. What are the prime factors of q?
2
Let z(s) = -s + 12. Let b be z(6). Suppose b*v - 793 = 3*v + 4*n, -5*v - 2*n + 1313 = 0. What are the prime factors of v?
263
Let a(w) = 4*w - 4. Let r be a(2). Suppose -458 - 337 = -4*g - z, 0 = 4*z + r. Suppose -5*j + 2*t = -g, -3*t - 9 = -6*t. What are the prime factors of j?
41
Suppose 20*o = 3451 + 4529. What are the prime factors of o?
3, 7, 19
Let d(t) = 7*t**2 - 4*t + 1. Let f be d(-4). Let c be 32835/297 + 8/18. Suppose c = 5*w - f. What are the prime factors of w?
2, 3
Let k(c) be the first derivative of -19*c**4/2 + 2*c**3/3 + 3*c**2/2 + 2*c + 6. List the prime factors of k(-1).
3, 13
Let k = 17 - 17. Suppose k = 4*y - 8*y. Let f(v) = v**3 + v**2 - v + 29. List the prime factors of f(y).
29
Let d = 66 + -40. Let o = d - -22. What are the prime factors of o?
2, 3
Suppose 0 = -0*r - 5*r - 4*t + 14, 0 = 2*r - 2*t - 2. Let x(c) = -1 - r*c + 2*c - 7*c. What are the prime factors of x(-3)?
2, 5
Suppose -880 = -z - p, 0 = -0*z + 4*z + 3*p - 3518. Suppose -z = -12*o + 874. List the prime factors of o.
2, 73
Let g(l) = -34*l + 6. Let x(i) = i. Let k(z) = -g(z) - 8*x(z). Let a(j) = 3*j - 3. Let h be a(2). What are the prime factors of k(h)?
2, 3
Let z = -28 + 42. Let c = z + -13. What are the prime factors of (-161)/(-21) + c/3?
2
Let m(c) = -c**3 + 3*c**2 + 5*c - 1. Let q be m(4). Suppose 4*n + f + f - 192 = 0, 2*n - q*f - 88 = 0. What are the prime factors of n?
47
List the prime factors of 34/51*(-186)/(-4).
31
What are the prime factors of 0/43 + ((-1316)/(-2) - 0)?
2, 7, 47
Let h = 1048 - -619. What are the prime factors of h?
1667
Let p(o) = -4*o - 2. Suppose -4*l + 17 - 57 = 0. What are the prime factors of p(l)?
2, 19
Suppose w = 4*p - 2*w - 900, -3*p + 2*w + 674 = 0. Suppose -2*k = -2*z - p, -2*k - 3*k = 2*z - 583. What are the prime factors of k?
5, 23
Let j be 1*(-267)/(-6)*4. Suppose 3*m - 2*g - 478 = 0, -m + j - 20 = -2*g. List the prime factors of m.
2, 5
Let k(r) = 39*r + 49. What are the prime factors of k(44)?
5, 353
Let a(g) = 25*g - 48*g + 28*g + 12. Let z = 10 - 4. What are the prime factors of a(z)?
2, 3, 7
Let y = 22 + 7. List the prime factors of y.
29
Let d(o) = 7*o + 6. Let z(s) be the first derivative of s**4/4 - 2*s**3 + 3*s**2 - 2*s + 5. Let a be z(5). What are the prime factors of d(a)?
3
Let j(x) = x**3 - x**2 - 4*x + 5. Let s be j(2). Let i be (-93)/(-1) + (s - 4). Let o = i - 41. List the prime factors of o.
7
Let s be -2*1 - 1*-1. Let v(h) = h**2. Let x(q) = 13*q**2. Let j(a) = -2*v(a) + x(a). What are the prime factors of j(s)?
11
Let i(n) = -5*n + 1. Let s be i(-3). Let l = s + -10. What are the prime factors of (l/18)/(2/42)?
7
Let i(n) = -4*n**3 - 13*n**3 - 11*n**2 + 7 + 10*n + 18*n**3. List the prime factors of i(10).
7
Let q(v) = -v**2 - 4*v + 4. Let k be q(-4). Suppose k*p - 12 = p. List the prime factors of 26/1 + -6 + p.
2, 3
Let i(u) = 2*u**2 - 2*u + 13. Let z be i(0). Suppose -z*n + 56 = -12*n. List the prime factors of n.
2, 7
Suppose 5*d + 139 = -4*a, 170 = 4*a - 9*a - 5*d. Let t = a - -76. Let u = 73 - t. What are the prime factors of u?
2, 7
Let x be (-21)/(-2) - 2/4. Let z(g) = -g**2 + 10*g + 9. Let r be z(x). What are the prime factors of 483/r - (-2)/6?
2, 3
What are the prime factors of 360/(-14)*-157 - 8/56?
11, 367
Let z(r) = -r**3 + 11*r**2 + 3*r - 20. Let m be z(13). Let h = m + 534. List the prime factors of h.
5, 43
Let l = 1426 + -651. What are the prime factors of l?
5, 31
Suppose 204 = -n - 15. Let s = -98 - n. List the prime factors of s.
11
Let d(p) = 2*p**2 - 9*p + 14. Suppose 0*i - 2*b + 25 = 3*i, 4*i = -3*b + 35. What are the prime factors of d(i)?
19
Let t = -8 - -12. Suppose 4*g + 4*h + 89 = -h, 0 = 4*h + 20. What are the prime factors of 74/t - 8/g?
19
Let l = 70 - 116. Let q = 37 - l. What are the prime factors of q?
83
Let x(p) = -12*p + 38. Let c(j) = -7*j + 10. Let l be c(3). What are the prime factors of x(l)?
2, 5, 17
Suppose 8*l - 3*l - 205 = 0. Let d = l - -66. List the prime factors of d.
107
Suppose -2*w + 0 = 2*q - 4, -5*q = -4*w + 8. Suppose 0 = 2*l + 5*k - 135, 3*l - 5*k = -w*l + 390. What are the prime factors of l?
3, 5
What are the prime factors of 9 - (2/(-2)*0)/(-3)?
3
Suppose -63*y + 1093 = -62*y. List the prime factors of y.
1093
Suppose -x + 2*x = -4*g - 3, -x + g = -7. Suppose 5*y - 4*a = -234 - 251, 0 = x*y + 4*a + 485. Let b = y + 138. What are the pr